me?
False
Is 50033 a composite number?
False
Is 305603 a composite number?
False
Is 10651 a composite number?
False
Is 346589 composite?
False
Is 105359 a composite number?
False
Is 131891 prime?
True
Is 428369 a composite number?
False
Is 22766 composite?
True
Is 3651491 a prime number?
True
Is 1180477 composite?
False
Is 3761 composite?
False
Is 415301 a composite number?
True
Is 161817 prime?
False
Is 1259 prime?
True
Is 6521 a prime number?
True
Is 348701 composite?
True
Is 221381 composite?
True
Is 17707 a prime number?
True
Is 4229 prime?
True
Is 4183 a composite number?
True
Is 273031 composite?
True
Is 4891 composite?
True
Is 116491 a composite number?
False
Is 11197 a prime number?
True
Is 55787 a composite number?
False
Is 520865 prime?
False
Is 73345 prime?
False
Is 574907 prime?
True
Is 40007 a prime number?
False
Is 272653 a prime number?
False
Is 70415 composite?
True
Is 604171 prime?
True
Is 423587 prime?
True
Is 10081 a prime number?
False
Is 241291 a composite number?
False
Is 50033 a composite number?
False
Is 10079 composite?
False
Is 14623 composite?
True
Is 9619 a composite number?
False
Is 64939 a prime number?
False
Is 1000709 a composite number?
True
Is 3601 a composite number?
True
Is 246459 prime?
False
Is 1116854 a prime number?
False
Is 8149 a composite number?
True
Is 15053 a prime number?
True
Is 1271581 a composite number?
True
Is 20201 a prime number?
True
Is 5581 a composite number?
False
Is 5381 a prime number?
True
Is 12197 prime?
True
Is 5447 prime?
False
Is 18251 a composite number?
False
Is 27271 a prime number?
True
Is 832882 a prime number?
False
Is 2857 prime?
True
Is 522569 prime?
True
Is 57047 prime?
True
Is 49349 prime?
False
Is 5147 a composite number?
False
Is 3966323 prime?
True
Is 156223 a composite number?
True
Is 5141 composite?
True
Is 2081 composite?
False
Is 853 a prime number?
True
Is 401686 a prime number?
False
Is 34313 a prime number?
True
Is 7901 a prime number?
True
Is 255329 prime?
True
Is 5617 a prime number?
False
Is 150737 a composite number?
True
Is 222551 composite?
True
Is 233293 a composite number?
False
Is 6131 a prime number?
True
Is 19631 prime?
False
Is 103613 prime?
True
Is 512797 prime?
True
Is 199513 composite?
True
Is 121829 composite?
True
Is 46555 a composite number?
True
Is 58987 prime?
False
Is 56369 a composite number?
False
Is 10097 prime?
False
Is 2348867 a prime number?
False
Is 71303 a composite number?
True
Is 257633 a prime number?
False
Is 147707 composite?
True
Is 841979 a prime number?
True
Is 3265 composite?
True
Is 27211 a composite number?
False
Is 5519 composite?
False
Is 67029 composite?
True
Is 7445 a composite number?
True
Is 4249 a prime number?
False
Is 1151 a composite number?
False
Is 187163 prime?
True
Is 2063 composite?
False
Is 532657 composite?
True
Is 2999 a prime number?
True
Is 20537 a prime number?
False
Is 286799 a composite number?
True
Is 1931 a prime number?
True
Is 74483 composite?
True
Is 65629 composite?
False
Is 9897 a prime number?
False
Is 2237 composite?
False
Is 42641 composite?
False
Is 103079 prime?
True
Is 26539 prime?
True
Is 2879 composite?
False
Is 2579 prime?
True
Is 163 a prime number?
True
Is 700127 prime?
True
Is 874847 a composite number?
False
Is 66829 prime?
False
Is 389717 prime?
False
Is 13253 a prime number?
False
Is 93865 composite?
True
Is 273697 a composite number?
False
Is 220795 prime?
False
Is 636445 composite?
True
Is 197479 composite?
False
Is 20077 a composite number?
True
Is 93371 a composite number?
False
Is 21089 a composite number?
False
Is 121029 composite?
True
Is 1130191 a prime number?
True
Is 48893 composite?
True
Is 61781 composite?
False
Is 19661 a prime number?
True
Is 50413 a prime number?
False
Is 634643 a prime number?
True
Is 41011 a composite number?
False
Is 599971 composite?
True
Is 20591 a composite number?
True
Is 108821 a prime number?
True
Is 259499 a prime number?
True
Is 67033 a composite number?
False
Is 13093 composite?
False
Is 101359 a composite number?
False
Is 118369 prime?
True
Is 2333 composite?
False
Is 2417 composite?
False
Is 644431 a prime number?
True
Is 15298 composite?
True
Is 2333 a prime number?
True
Is 1457 prime?
False
Is 31483 prime?
False
Is 38543 composite?
False
Is 305297 composite?
False
Is 486835 composite?
True
Is 5563 composite?
False
Is 6049 a prime number?
False
Is 308303 prime?
True
Is 2569231 composite?
True
Is 58481 a composite number?
False
Is 8441 a composite number?
True
Is 14435 a composite number?
True
Is 296467 composite?
True
Is 42641 composite?
False
Is 8581 composite?
False
Is 722633 a composite number?
False
Is 75367 a composite number?
False
Is 9563 composite?
True
Is 6047 a prime number?
True
Is 3802 a composite number?
True
Is 28513 a composite number?
False
Is 38113 prime?
True
Is 12319 a prime number?
False
Is 351383 a composite number?
False
Is 859 a composite number?
False
Is 19741 a composite number?
True
Is 778973 prime?
False
Is 839 a prime number?
True
Is 414539 a composite number?
False
Is 562403 prime?
True
Is 211711 composite?
False
Is 131477 a prime number?
True
Is 92921 a prime number?
True
Is 250003 prime?
False
Is 167043 prime?
False
Is 65677 a composite number?
False
Is 60281 prime?
False
Is 972481 a prime number?
True
Is 2386231 a prime number?
False
Is 3613709 prime?
False
Is 97499 composite?
False
Is 20245 a prime number?
False
Is 143611 composite?
True
Is 157303 prime?
True
Is 62437 a composite number?
True
Is 1303 a composite number?
False
Is 8779 a prime number?
True
Is 3369 composite?
True
Is 298317 composite?
True
Is 4699 a composite number?
True
Is 424595 composite?
True
Is 839 a prime number?
True
Is 118227 a prime number?
False
Is 4918 composite?
True
Is 90205 a composite number?
True
Is 177589 a composite number?
False
Is 64973 composite?
True
Is 2479 composite?
True
Is 803 prime?
False
Is 491 a prime number?
True
Is 9578 prime?
False
Is 114263 composite?
True
Is 43189 a prime number?
True
Is 7321 a composite number?
False
Is 162977 composite?
True
Is 121229 a composite number?
False
Is 89773 a prime number?
False
Is 3681347 a prime number?
False
Is 67997 a prime number?
False
Is 733387 a composite number?
False
Is 16111 a prime number?
True
Is 6997 composite?
False
Is 766487 a prime number?
True
Is 27581 prime?
True
Is 2652179 prime?
True
Is 3506135 a composite number?
True
Is 12251 a composite number?
False
Is 38957 a composite number?
True
Is 1334787 a prime number?
False
Is 733 prime?
True
Is 663437 a composite number?
False
Is 1973 a composite number?
False
Is 303343 prime?
False
Is 131189 a prime number?
False
Is 739 a prime number?
True
Is 45533 composite?
False
Is 103655 a prime number?
False
Is 169307 a composite number?
False
Is 109253 prime?
True
Is 95905 prime?
False
Is 26167 prime?
False
Is 78711 a prime number?
False
Is 5147 a prime number?
True
Is 79909 a prime number?
False
Is 12323 composite?
False
Is 27471 a prime number?
False
Is 21949 composite?
True
Is 625265 a composite number?
True
Is 2561035 prime?
False
Is 556931 composite?
False
Is 547007 prime?
True
Is 2346137 a composite number?
False
Is 70639 a prime number?
True
Is 10391 a composite number?
False
Is 128287 prime?
True
Is 14303 a prime number?
True
Is 8497 a prime number?
False
Is 39251 composite?
False
Is 2999 composite?
False
Is 1610491 a composite number?
True
Is 34019 a prime number?
True
Is 204829 a prime number?
False
Is 376697 a composite number?
True
Is 12437 prime?
True
Is 715313 a prime number?
True
Is 202799 a prime number?
True
Is 12473 a composite number?
False
Is 683161 a composite number?
True
Is 933635 a composite number?
True
Is 39019 composite?
False
Is 22429 composite?
True
Is 19277 composite?
True
Is 80893 composite?
True
Is 437 prime?
False
Is 2281 composite?
False
Is 10691 composite?
False
Is 7895 prime?
False
Is 13883 composite?
False
Is 22303 a prime number?
True
Is 252141 composite?
True
Is 95878 composite?
True
Is 22537 composite?
True
Is 166993 a prime number?
False
Is 20849 a composite number?
False
Is 141333 a prime number?
False
Is 2879 a composite number?
False
Is 53399 prime?
False
Is 201631 composite?
True
Is 13897 composite?
True
Is 24281 a composite number?
False
Is 252709 composite?
Fal